
List the prime factors of 99484.
2, 7, 11, 17, 19
List the prime factors of 4392764.
2, 1098191
List the prime factors of 131000.
2, 5, 131
List the prime factors of 3020345.
5, 604069
What are the prime factors of 26648543?
4519, 5897
What are the prime factors of 2171366?
2, 1033, 1051
What are the prime factors of 5149387?
1861, 2767
List the prime factors of 2972470.
2, 5, 297247
What are the prime factors of 162504?
2, 3, 37, 61
List the prime factors of 205659.
3, 2539
What are the prime factors of 3596649?
3, 7, 43, 569
List the prime factors of 343874.
2, 171937
List the prime factors of 5123.
47, 109
List the prime factors of 2020008.
2, 3, 17, 4951
What are the prime factors of 94319?
257, 367
List the prime factors of 1695803.
577, 2939
List the prime factors of 318649.
19, 31, 541
What are the prime factors of 937279?
7, 257, 521
List the prime factors of 449332.
2, 13, 8641
List the prime factors of 1789965.
3, 5, 13259
What are the prime factors of 6646215?
3, 5, 563, 787
What are the prime factors of 3656383?
3656383
What are the prime factors of 1041406?
2, 520703
What are the prime factors of 693847?
7, 11, 9011
List the prime factors of 81151.
7, 11593
List the prime factors of 6486068.
2, 19, 31, 2753
List the prime factors of 1142911.
7, 11, 14843
List the prime factors of 11874095.
5, 23, 79, 1307
What are the prime factors of 215659?
215659
List the prime factors of 636364.
2, 23, 6917
List the prime factors of 12251961.
3, 257, 5297
What are the prime factors of 4780090?
2, 5, 7, 23, 2969
List the prime factors of 15095355.
3, 5, 11, 8317
What are the prime factors of 642751?
19, 33829
List the prime factors of 939270.
2, 3, 5, 131, 239
What are the prime factors of 232421?
7, 33203
What are the prime factors of 415202?
2, 53, 3917
What are the prime factors of 2353118?
2, 29, 1399
What are the prime factors of 12034361?
37, 41, 7933
What are the prime factors of 433167?
3, 7, 20627
What are the prime factors of 494194?
2, 103, 2399
What are the prime factors of 944481?
3, 314827
What are the prime factors of 459911?
29, 15859
What are the prime factors of 811394?
2, 23, 31, 569
List the prime factors of 110495.
5, 7, 11, 41
What are the prime factors of 222013?
11, 20183
What are the prime factors of 8166488?
2, 11, 92801
List the prime factors of 35857.
23, 1559
List the prime factors of 3025817.
31, 97607
List the prime factors of 1007690.
2, 5, 100769
List the prime factors of 2794066.
2, 11, 89, 1427
What are the prime factors of 25344379?
25344379
What are the prime factors of 11925841?
11925841
What are the prime factors of 2679987?
3, 47, 83, 229
List the prime factors of 2019926.
2, 1009963
What are the prime factors of 2510?
2, 5, 251
List the prime factors of 7202247.
3, 13, 151, 1223
What are the prime factors of 2403733?
79, 30427
List the prime factors of 3018262.
2, 13, 29, 4003
What are the prime factors of 160127?
11, 14557
What are the prime factors of 1346484?
2, 3, 112207
What are the prime factors of 157532?
2, 39383
List the prime factors of 3043039.
1301, 2339
What are the prime factors of 59487?
3, 79, 251
What are the prime factors of 585328?
2, 36583
What are the prime factors of 478454?
2, 31, 7717
What are the prime factors of 6328988?
2, 1582247
What are the prime factors of 60345?
3, 5, 149
What are the prime factors of 332429?
401, 829
What are the prime factors of 7370468?
2, 7, 461, 571
What are the prime factors of 2018858?
2, 113, 8933
What are the prime factors of 6436610?
2, 5, 643661
What are the prime factors of 1940398?
2, 79, 12281
List the prime factors of 611150.
2, 5, 17, 719
What are the prime factors of 367399?
47, 7817
What are the prime factors of 1301399?
11, 193, 613
What are the prime factors of 1227232?
2, 38351
What are the prime factors of 635793?
3, 211931
What are the prime factors of 6107917?
71, 86027
List the prime factors of 595096.
2, 73, 1019
List the prime factors of 190368.
2, 3, 661
What are the prime factors of 815330?
2, 5, 81533
What are the prime factors of 2782358?
2, 43, 32353
List the prime factors of 91159.
91159
What are the prime factors of 280005?
3, 5, 11, 1697
List the prime factors of 17726.
2, 8863
What are the prime factors of 5762241?
3, 640249
What are the prime factors of 6932953?
6932953
What are the prime factors of 12492658?
2, 619, 10091
What are the prime factors of 22379434?
2, 7, 11, 1201
List the prime factors of 688068.
2, 3, 23, 277
What are the prime factors of 498971?
11, 45361
What are the prime factors of 119053?
11, 79, 137
List the prime factors of 139658.
2, 69829
List the prime factors of 1295189.
7, 185027
List the prime factors of 421077.
3, 97, 1447
What are the prime factors of 1154408?
2, 113, 1277
List the prime factors of 769221.
3, 85469
What are the prime factors of 454217?
433, 1049
What are the prime factors of 174016?
2, 2719
What are the prime factors of 214629?
3, 29, 2467
What are the prime factors of 17321568?
2, 3, 11, 47, 349
What are the prime factors of 3451932?
2, 3, 11, 23, 379
List the prime factors of 1416731.
23, 31, 1987
What are the prime factors of 4686754?
2, 79, 29663
List the prime factors of 133839.
3, 4957
List the prime factors of 501009.
3, 23, 53, 137
What are the prime factors of 7528120?
2, 5, 53, 67
List the prime factors of 14675508.
2, 3, 29, 14057
List the prime factors of 8103971.
8103971
What are the prime factors of 27504520?
2, 5, 43, 15991
List the prime factors of 3457601.
7, 19, 25997
List the prime factors of 3148600.
2, 5, 7, 13, 173
What are the prime factors of 355201?
7, 11, 659
What are the prime factors of 1467723?
3, 489241
What are the prime factors of 14012?
2, 31, 113
What are the prime factors of 1732843?
7, 23, 47, 229
List the prime factors of 15371410.
2, 5, 1537141
What are the prime factors of 11453058?
2, 3, 227, 2803
What are the prime factors of 351?
3, 13
What are the prime factors of 1951226?
2, 17, 57389
List the prime factors of 7444771.
7444771
What are the prime factors of 458522?
2, 229261
List the prime factors of 627751.
41, 61, 251
What are the prime factors of 2987182?
2, 11, 135781
List the prime factors of 1201963.
7, 29, 31, 191
List the prime factors of 577602.
2, 3, 32089
List the prime factors of 1098644.
2, 274661
What are the prime factors of 414601?
11, 37691
What are the prime factors of 91442?
2, 13, 3517
List the prime factors of 5535992.
2, 7, 11, 19, 43
What are the prime factors of 3068397?
3, 340933
What are the prime factors of 178937?
11, 16267
What are the prime factors of 544382?
2, 272191
What are the prime factors of 11184591?
3, 11, 338927
What are the prime factors of 1871366?
2, 7, 133669
What are the prime factors of 21001217?
67, 463, 677
List the prime factors of 90604.
2, 22651
List the prime factors of 1244877.
3, 414959
List the prime factors of 1400530.
2, 5, 140053
What are the prime factors of 252253?
252253
List the prime factors of 250122.
2, 3, 41687
What are the prime factors of 2223972?
2, 3, 163, 379
List the prime factors of 28358035.
5, 1153, 4919
List the prime factors of 2336273.
577, 4049
What are the prime factors of 1999735?
5, 23, 17389
What are the prime factors of 8387557?
8387557
List the prime factors of 422867.
422867
List the prime factors of 10464092.
2, 2616023
What are the prime factors of 74828?
2, 13, 1439
What are the prime factors of 832405?
5, 7, 17, 1399
List the prime factors of 419546.
2, 89, 2357
List the prime factors of 10658713.
13, 61, 13441
List the prime factors of 1473186.
2, 3, 11, 13, 17, 101
What are the prime factors of 636914?
2, 318457
What are the prime factors of 1019833?
347, 2939
List the prime factors of 14084787.
3, 1151, 4079
List the prime factors of 517929.
3, 172643
What are the prime factors of 8037850?
2, 5, 160757
What are the prime factors of 207071?
53, 3907
What are the prime factors of 1354398?
2, 3, 225733
What are the prime factors of 19200664?
2, 7, 342869
What are the prime factors of 1195890?
2, 3, 5, 39863
List the prime factors of 1513866.
2, 3, 191, 1321
List the prime factors of 104665.
5, 11, 173
What are the prime factors of 11956846?
2, 11, 37, 397
List the prime factors of 4439081.
4439081
List the prime factors of 1404795.
3, 5,